{"id":2,"date":"2022-10-09T19:05:33","date_gmt":"2022-10-09T17:05:33","guid":{"rendered":"http:\/\/francov.cluster028.hosting.ovh.net\/?page_id=2"},"modified":"2022-10-17T19:19:07","modified_gmt":"2022-10-17T17:19:07","slug":"univers","status":"publish","type":"page","link":"https:\/\/www.francoisgenestin.art\/index.php\/univers\/","title":{"rendered":"Mes Univers"},"content":{"rendered":"\n<h2 class=\"wp-block-heading\">C&rsquo;\u00e9tait mieux apr\u00e8s ?<\/h2>\n\n\n\n<p>Petite dystopie joyeuse \u00e0 usage des climatosceptiques<\/p>\n\n\n\n<blockquote class=\"wp-block-quote is-layout-flow wp-block-quote-is-layout-flow\"><p>Nous sommes en 2122, la stupidit\u00e9 humaine a finalement gagn\u00e9, nous avons disparu de la surface de la terre. Les animaux sont revenus peupler nos belles cit\u00e9s abandonn\u00e9es, et nos meilleurs robots en d\u00e9sh\u00e9rence cherchent encore \u00e0 comprendre ce qui nous a pouss\u00e9 \u00e0 cette folie.<\/p><p>Il ne leur reste qu&rsquo;un petit mus\u00e9e pour se rappeler des derniers homo-stupidus.<\/p><\/blockquote>\n\n\n\n<figure class=\"wp-block-image size-large\"><img loading=\"lazy\" decoding=\"async\" width=\"710\" height=\"1024\" src=\"https:\/\/www.francoisgenestin.art\/wp-content\/uploads\/2022\/10\/20220909_094950-710x1024.jpg\" alt=\"Last human museum\" class=\"wp-image-108\" srcset=\"https:\/\/www.francoisgenestin.art\/wp-content\/uploads\/2022\/10\/20220909_094950-710x1024.jpg 710w, https:\/\/www.francoisgenestin.art\/wp-content\/uploads\/2022\/10\/20220909_094950-208x300.jpg 208w, https:\/\/www.francoisgenestin.art\/wp-content\/uploads\/2022\/10\/20220909_094950-768x1107.jpg 768w, https:\/\/www.francoisgenestin.art\/wp-content\/uploads\/2022\/10\/20220909_094950-1065x1536.jpg 1065w, https:\/\/www.francoisgenestin.art\/wp-content\/uploads\/2022\/10\/20220909_094950-1420x2048.jpg 1420w, https:\/\/www.francoisgenestin.art\/wp-content\/uploads\/2022\/10\/20220909_094950-400x577.jpg 400w, https:\/\/www.francoisgenestin.art\/wp-content\/uploads\/2022\/10\/20220909_094950-920x1327.jpg 920w, https:\/\/www.francoisgenestin.art\/wp-content\/uploads\/2022\/10\/20220909_094950-scaled.jpg 1775w\" sizes=\"auto, (max-width: 710px) 100vw, 710px\" \/><\/figure>\n\n\n\n<p><a href=\"https:\/\/www.francoisgenestin.art\/index.php\/category\/cetait-mieux-apres\/\">&gt; Voir toutes les oeuvres<\/a><\/p>\n\n\n\n<hr class=\"wp-block-separator has-alpha-channel-opacity\"\/>\n\n\n\n<h2 class=\"wp-block-heading\">Olympiade artistique<\/h2>\n\n\n\n<p><a href=\"https:\/\/www.paris.fr\/nuit-blanche-2022\" target=\"_blank\" rel=\"noopener\">https:\/\/www.paris.fr\/nuit-blanche-2022<\/a><\/p>\n\n\n\n<blockquote class=\"wp-block-quote is-layout-flow wp-block-quote-is-layout-flow\"><p>Divagation cartoonesque sur le th\u00e8me des JO Paris 2024<\/p><p>r\u00e9alis\u00e9e pour la NUIT BLANCHE PARIS 2022.<\/p><\/blockquote>\n\n\n\n<figure class=\"wp-block-image size-large\"><img loading=\"lazy\" decoding=\"async\" width=\"792\" height=\"1024\" src=\"https:\/\/www.francoisgenestin.art\/wp-content\/uploads\/2022\/10\/20220922_114352-792x1024.jpg\" alt=\"flemme olympique\" class=\"wp-image-227\" srcset=\"https:\/\/www.francoisgenestin.art\/wp-content\/uploads\/2022\/10\/20220922_114352-792x1024.jpg 792w, https:\/\/www.francoisgenestin.art\/wp-content\/uploads\/2022\/10\/20220922_114352-232x300.jpg 232w, https:\/\/www.francoisgenestin.art\/wp-content\/uploads\/2022\/10\/20220922_114352-768x993.jpg 768w, https:\/\/www.francoisgenestin.art\/wp-content\/uploads\/2022\/10\/20220922_114352-1188x1536.jpg 1188w, https:\/\/www.francoisgenestin.art\/wp-content\/uploads\/2022\/10\/20220922_114352-1584x2048.jpg 1584w, https:\/\/www.francoisgenestin.art\/wp-content\/uploads\/2022\/10\/20220922_114352-400x517.jpg 400w, https:\/\/www.francoisgenestin.art\/wp-content\/uploads\/2022\/10\/20220922_114352-920x1189.jpg 920w, https:\/\/www.francoisgenestin.art\/wp-content\/uploads\/2022\/10\/20220922_114352-scaled.jpg 1980w\" sizes=\"auto, (max-width: 792px) 100vw, 792px\" \/><\/figure>\n\n\n\n<p><a href=\"https:\/\/www.francoisgenestin.art\/index.php\/category\/olympiade-culturelle\/\">&gt; Voir tous les dessins<\/a><\/p>\n","protected":false},"excerpt":{"rendered":"<p>C&rsquo;\u00e9tait mieux apr\u00e8s ? Petite dystopie joyeuse \u00e0 usage des climatosceptiques Nous sommes en 2122, la stupidit\u00e9 humaine a finalement gagn\u00e9, nous avons disparu de la surface de la terre. Les animaux sont revenus peupler nos belles cit\u00e9s abandonn\u00e9es, et&#46;&#46;&#46;<\/p>\n","protected":false},"author":1,"featured_media":0,"parent":0,"menu_order":0,"comment_status":"closed","ping_status":"closed","template":"","meta":{"footnotes":""},"class_list":["post-2","page","type-page","status-publish","hentry"],"_links":{"self":[{"href":"https:\/\/www.francoisgenestin.art\/index.php\/wp-json\/wp\/v2\/pages\/2","targetHints":{"allow":["GET"]}}],"collection":[{"href":"https:\/\/www.francoisgenestin.art\/index.php\/wp-json\/wp\/v2\/pages"}],"about":[{"href":"https:\/\/www.francoisgenestin.art\/index.php\/wp-json\/wp\/v2\/types\/page"}],"author":[{"embeddable":true,"href":"https:\/\/www.francoisgenestin.art\/index.php\/wp-json\/wp\/v2\/users\/1"}],"replies":[{"embeddable":true,"href":"https:\/\/www.francoisgenestin.art\/index.php\/wp-json\/wp\/v2\/comments?post=2"}],"version-history":[{"count":30,"href":"https:\/\/www.francoisgenestin.art\/index.php\/wp-json\/wp\/v2\/pages\/2\/revisions"}],"predecessor-version":[{"id":303,"href":"https:\/\/www.francoisgenestin.art\/index.php\/wp-json\/wp\/v2\/pages\/2\/revisions\/303"}],"wp:attachment":[{"href":"https:\/\/www.francoisgenestin.art\/index.php\/wp-json\/wp\/v2\/media?parent=2"}],"curies":[{"name":"wp","href":"https:\/\/api.w.org\/{rel}","templated":true}]}}